{"id":6191,"date":"2022-07-09T07:28:44","date_gmt":"2022-07-09T07:28:44","guid":{"rendered":"https:\/\/www.properfees.com\/property\/villa-individuelle\/"},"modified":"2022-07-09T07:28:44","modified_gmt":"2022-07-09T07:28:44","slug":"villa-individuelle","status":"publish","type":"product","link":"https:\/\/www.properfees.com\/fr\/property\/villa-individuelle\/","title":{"rendered":"Villa individuelle"},"content":{"rendered":"","protected":false},"excerpt":{"rendered":"<p>Properfees est ravi de vous pr\u00e9senter cette villa individuelle d&rsquo;environ 300 m\u00b2 habitables.<\/p>\n<p>Au rez-de-chauss\u00e9e, la villa offre un grand espace de vie avec deux chemin\u00e9es, une v\u00e9randa, une cuisine enti\u00e8rement \u00e9quip\u00e9e, une biblioth\u00e8que, une chambre et des toilettes visiteurs.<\/p>\n<p>Au premier \u00e9tage une chambre principale avec salle de bains et dressing en suite ainsi qu&rsquo;une deuxi\u00e8me chambre avec salle de douche compl\u00e8te.<\/p>\n<p>Le sous-sol comprend deux entr\u00e9es s\u00e9par\u00e9es donnant acc\u00e8s \u00e0 un studio, une salle de cin\u00e9ma, deux chambres \u00e0 coucher, un bureau, une salle de bains compl\u00e8te, abri et local technique.<\/p>\n<p>Le terrain de 1&rsquo;003 m2 dispose d&rsquo;une piscine et d&rsquo;une espace barbecue, un garage double et des places de parking ext\u00e9rieures pour 4 voitures.<\/p>\n<p>En sus du loyer:<br \/>\nContrat avec l&rsquo;entreprise d\u00e9sign\u00e9e pour l&rsquo;entretien piscine et du jardin ainsi que la soci\u00e9t\u00e9 de s\u00e9curit\u00e9.<\/p>\n","protected":false},"featured_media":6177,"template":"","meta":[],"product_brand":[],"product_cat":[],"product_tag":[],"class_list":{"0":"post-6191","1":"product","2":"type-product","3":"status-publish","4":"has-post-thumbnail","7":"first","8":"instock","9":"shipping-taxable","10":"purchasable","11":"product-type-simple"},"yoast_head":"<!-- This site is optimized with the Yoast SEO plugin v27.5 - https:\/\/yoast.com\/product\/yoast-seo-wordpress\/ -->\n<title>Villa individuelle - Properfees<\/title>\n<meta name=\"robots\" content=\"index, follow, max-snippet:-1, max-image-preview:large, max-video-preview:-1\" \/>\n<link rel=\"canonical\" href=\"https:\/\/www.properfees.com\/fr\/property\/villa-individuelle\/\" \/>\n<meta property=\"og:locale\" content=\"fr_FR\" \/>\n<meta property=\"og:type\" content=\"article\" \/>\n<meta property=\"og:title\" content=\"Villa individuelle - Properfees\" \/>\n<meta property=\"og:description\" content=\"Properfees est ravi de vous pr\u00e9senter cette villa individuelle d&#039;environ 300 m\u00b2 habitables.  Au rez-de-chauss\u00e9e, la villa offre un grand espace de vie avec deux chemin\u00e9es, une v\u00e9randa, une cuisine enti\u00e8rement \u00e9quip\u00e9e, une biblioth\u00e8que, une chambre et des toilettes visiteurs.  Au premier \u00e9tage une chambre principale avec salle de bains et dressing en suite ainsi qu&#039;une deuxi\u00e8me chambre avec salle de douche compl\u00e8te.  Le sous-sol comprend deux entr\u00e9es s\u00e9par\u00e9es donnant acc\u00e8s \u00e0 un studio, une salle de cin\u00e9ma, deux chambres \u00e0 coucher, un bureau, une salle de bains compl\u00e8te, abri et local technique.  Le terrain de 1&#039;003 m2 dispose d&#039;une piscine et d&#039;une espace barbecue, un garage double et des places de parking ext\u00e9rieures pour 4 voitures.  En sus du loyer:  Contrat avec l&#039;entreprise d\u00e9sign\u00e9e pour l&#039;entretien piscine et du jardin ainsi que la soci\u00e9t\u00e9 de s\u00e9curit\u00e9.\" \/>\n<meta property=\"og:url\" content=\"https:\/\/www.properfees.com\/fr\/property\/villa-individuelle\/\" \/>\n<meta property=\"og:site_name\" content=\"Properfees\" \/>\n<meta property=\"og:image\" content=\"https:\/\/www.properfees.com\/wp-content\/uploads\/2022\/07\/52527199761c198de6b2e89.37340533_53e1b27671_1920.jpg\" \/>\n\t<meta property=\"og:image:width\" content=\"1920\" \/>\n\t<meta property=\"og:image:height\" content=\"1081\" \/>\n\t<meta property=\"og:image:type\" content=\"image\/jpeg\" \/>\n<meta name=\"twitter:card\" content=\"summary_large_image\" \/>\n<script type=\"application\/ld+json\" class=\"yoast-schema-graph\">{\"@context\":\"https:\\\/\\\/schema.org\",\"@graph\":[{\"@type\":\"WebPage\",\"@id\":\"https:\\\/\\\/www.properfees.com\\\/fr\\\/property\\\/villa-individuelle\\\/\",\"url\":\"https:\\\/\\\/www.properfees.com\\\/fr\\\/property\\\/villa-individuelle\\\/\",\"name\":\"Villa individuelle - Properfees\",\"isPartOf\":{\"@id\":\"https:\\\/\\\/www.properfees.com\\\/fr\\\/#website\"},\"primaryImageOfPage\":{\"@id\":\"https:\\\/\\\/www.properfees.com\\\/fr\\\/property\\\/villa-individuelle\\\/#primaryimage\"},\"image\":{\"@id\":\"https:\\\/\\\/www.properfees.com\\\/fr\\\/property\\\/villa-individuelle\\\/#primaryimage\"},\"thumbnailUrl\":\"https:\\\/\\\/www.properfees.com\\\/wp-content\\\/uploads\\\/2022\\\/07\\\/52527199761c198de6b2e89.37340533_53e1b27671_1920.jpg\",\"datePublished\":\"2022-07-09T07:28:44+00:00\",\"breadcrumb\":{\"@id\":\"https:\\\/\\\/www.properfees.com\\\/fr\\\/property\\\/villa-individuelle\\\/#breadcrumb\"},\"inLanguage\":\"fr-FR\",\"potentialAction\":[{\"@type\":\"ReadAction\",\"target\":[\"https:\\\/\\\/www.properfees.com\\\/fr\\\/property\\\/villa-individuelle\\\/\"]}]},{\"@type\":\"ImageObject\",\"inLanguage\":\"fr-FR\",\"@id\":\"https:\\\/\\\/www.properfees.com\\\/fr\\\/property\\\/villa-individuelle\\\/#primaryimage\",\"url\":\"https:\\\/\\\/www.properfees.com\\\/wp-content\\\/uploads\\\/2022\\\/07\\\/52527199761c198de6b2e89.37340533_53e1b27671_1920.jpg\",\"contentUrl\":\"https:\\\/\\\/www.properfees.com\\\/wp-content\\\/uploads\\\/2022\\\/07\\\/52527199761c198de6b2e89.37340533_53e1b27671_1920.jpg\",\"width\":1920,\"height\":1081},{\"@type\":\"BreadcrumbList\",\"@id\":\"https:\\\/\\\/www.properfees.com\\\/fr\\\/property\\\/villa-individuelle\\\/#breadcrumb\",\"itemListElement\":[{\"@type\":\"ListItem\",\"position\":1,\"name\":\"Home\",\"item\":\"https:\\\/\\\/www.properfees.com\\\/fr\\\/\"},{\"@type\":\"ListItem\",\"position\":2,\"name\":\"Propri\u00e9t\u00e9s\",\"item\":\"https:\\\/\\\/www.properfees.com\\\/fr\\\/proprietes\\\/\"},{\"@type\":\"ListItem\",\"position\":3,\"name\":\"Villa individuelle\"}]},{\"@type\":\"WebSite\",\"@id\":\"https:\\\/\\\/www.properfees.com\\\/fr\\\/#website\",\"url\":\"https:\\\/\\\/www.properfees.com\\\/fr\\\/\",\"name\":\"Properfees\",\"description\":\"Properties at proper fees\",\"potentialAction\":[{\"@type\":\"SearchAction\",\"target\":{\"@type\":\"EntryPoint\",\"urlTemplate\":\"https:\\\/\\\/www.properfees.com\\\/fr\\\/?s={search_term_string}\"},\"query-input\":{\"@type\":\"PropertyValueSpecification\",\"valueRequired\":true,\"valueName\":\"search_term_string\"}}],\"inLanguage\":\"fr-FR\"}]}<\/script>\n<!-- \/ Yoast SEO plugin. -->","yoast_head_json":{"title":"Villa individuelle - Properfees","robots":{"index":"index","follow":"follow","max-snippet":"max-snippet:-1","max-image-preview":"max-image-preview:large","max-video-preview":"max-video-preview:-1"},"canonical":"https:\/\/www.properfees.com\/fr\/property\/villa-individuelle\/","og_locale":"fr_FR","og_type":"article","og_title":"Villa individuelle - Properfees","og_description":"Properfees est ravi de vous pr\u00e9senter cette villa individuelle d'environ 300 m\u00b2 habitables.  Au rez-de-chauss\u00e9e, la villa offre un grand espace de vie avec deux chemin\u00e9es, une v\u00e9randa, une cuisine enti\u00e8rement \u00e9quip\u00e9e, une biblioth\u00e8que, une chambre et des toilettes visiteurs.  Au premier \u00e9tage une chambre principale avec salle de bains et dressing en suite ainsi qu'une deuxi\u00e8me chambre avec salle de douche compl\u00e8te.  Le sous-sol comprend deux entr\u00e9es s\u00e9par\u00e9es donnant acc\u00e8s \u00e0 un studio, une salle de cin\u00e9ma, deux chambres \u00e0 coucher, un bureau, une salle de bains compl\u00e8te, abri et local technique.  Le terrain de 1'003 m2 dispose d'une piscine et d'une espace barbecue, un garage double et des places de parking ext\u00e9rieures pour 4 voitures.  En sus du loyer:  Contrat avec l'entreprise d\u00e9sign\u00e9e pour l'entretien piscine et du jardin ainsi que la soci\u00e9t\u00e9 de s\u00e9curit\u00e9.","og_url":"https:\/\/www.properfees.com\/fr\/property\/villa-individuelle\/","og_site_name":"Properfees","og_image":[{"width":1920,"height":1081,"url":"https:\/\/www.properfees.com\/wp-content\/uploads\/2022\/07\/52527199761c198de6b2e89.37340533_53e1b27671_1920.jpg","type":"image\/jpeg"}],"twitter_card":"summary_large_image","schema":{"@context":"https:\/\/schema.org","@graph":[{"@type":"WebPage","@id":"https:\/\/www.properfees.com\/fr\/property\/villa-individuelle\/","url":"https:\/\/www.properfees.com\/fr\/property\/villa-individuelle\/","name":"Villa individuelle - Properfees","isPartOf":{"@id":"https:\/\/www.properfees.com\/fr\/#website"},"primaryImageOfPage":{"@id":"https:\/\/www.properfees.com\/fr\/property\/villa-individuelle\/#primaryimage"},"image":{"@id":"https:\/\/www.properfees.com\/fr\/property\/villa-individuelle\/#primaryimage"},"thumbnailUrl":"https:\/\/www.properfees.com\/wp-content\/uploads\/2022\/07\/52527199761c198de6b2e89.37340533_53e1b27671_1920.jpg","datePublished":"2022-07-09T07:28:44+00:00","breadcrumb":{"@id":"https:\/\/www.properfees.com\/fr\/property\/villa-individuelle\/#breadcrumb"},"inLanguage":"fr-FR","potentialAction":[{"@type":"ReadAction","target":["https:\/\/www.properfees.com\/fr\/property\/villa-individuelle\/"]}]},{"@type":"ImageObject","inLanguage":"fr-FR","@id":"https:\/\/www.properfees.com\/fr\/property\/villa-individuelle\/#primaryimage","url":"https:\/\/www.properfees.com\/wp-content\/uploads\/2022\/07\/52527199761c198de6b2e89.37340533_53e1b27671_1920.jpg","contentUrl":"https:\/\/www.properfees.com\/wp-content\/uploads\/2022\/07\/52527199761c198de6b2e89.37340533_53e1b27671_1920.jpg","width":1920,"height":1081},{"@type":"BreadcrumbList","@id":"https:\/\/www.properfees.com\/fr\/property\/villa-individuelle\/#breadcrumb","itemListElement":[{"@type":"ListItem","position":1,"name":"Home","item":"https:\/\/www.properfees.com\/fr\/"},{"@type":"ListItem","position":2,"name":"Propri\u00e9t\u00e9s","item":"https:\/\/www.properfees.com\/fr\/proprietes\/"},{"@type":"ListItem","position":3,"name":"Villa individuelle"}]},{"@type":"WebSite","@id":"https:\/\/www.properfees.com\/fr\/#website","url":"https:\/\/www.properfees.com\/fr\/","name":"Properfees","description":"Properties at proper fees","potentialAction":[{"@type":"SearchAction","target":{"@type":"EntryPoint","urlTemplate":"https:\/\/www.properfees.com\/fr\/?s={search_term_string}"},"query-input":{"@type":"PropertyValueSpecification","valueRequired":true,"valueName":"search_term_string"}}],"inLanguage":"fr-FR"}]}},"_links":{"self":[{"href":"https:\/\/www.properfees.com\/fr\/wp-json\/wp\/v2\/product\/6191","targetHints":{"allow":["GET"]}}],"collection":[{"href":"https:\/\/www.properfees.com\/fr\/wp-json\/wp\/v2\/product"}],"about":[{"href":"https:\/\/www.properfees.com\/fr\/wp-json\/wp\/v2\/types\/product"}],"wp:featuredmedia":[{"embeddable":true,"href":"https:\/\/www.properfees.com\/fr\/wp-json\/wp\/v2\/media\/6177"}],"wp:attachment":[{"href":"https:\/\/www.properfees.com\/fr\/wp-json\/wp\/v2\/media?parent=6191"}],"wp:term":[{"taxonomy":"product_brand","embeddable":true,"href":"https:\/\/www.properfees.com\/fr\/wp-json\/wp\/v2\/product_brand?post=6191"},{"taxonomy":"product_cat","embeddable":true,"href":"https:\/\/www.properfees.com\/fr\/wp-json\/wp\/v2\/product_cat?post=6191"},{"taxonomy":"product_tag","embeddable":true,"href":"https:\/\/www.properfees.com\/fr\/wp-json\/wp\/v2\/product_tag?post=6191"}],"curies":[{"name":"wp","href":"https:\/\/api.w.org\/{rel}","templated":true}]}}

<p>Properfees est ravi de vous présenter cette villa individuelle d&rsquo;environ 300 m² habitables.</p>
<p>Au rez-de-chaussée, la villa offre un grand espace de vie avec deux cheminées, une véranda, une cuisine entièrement équipée, une bibliothèque, une chambre et des toilettes visiteurs.</p>
<p>Au premier étage une chambre principale avec salle de bains et dressing en suite ainsi qu&rsquo;une deuxième chambre avec salle de douche complète.</p>
<p>Le sous-sol comprend deux entrées séparées donnant accès à un studio, une salle de cinéma, deux chambres à coucher, un bureau, une salle de bains complète, abri et local technique.</p>
<p>Le terrain de 1&rsquo;003 m2 dispose d&rsquo;une piscine et d&rsquo;une espace barbecue, un garage double et des places de parking extérieures pour 4 voitures.</p>
<p>En sus du loyer:<br />
Contrat avec l&rsquo;entreprise désignée pour l&rsquo;entretien piscine et du jardin ainsi que la société de sécurité.</p>

<!-- This site is optimized with the Yoast SEO plugin v27.5 - https://yoast.com/product/yoast-seo-wordpress/ -->
<title>Villa individuelle - Properfees</title>
<meta name="robots" content="index, follow, max-snippet:-1, max-image-preview:large, max-video-preview:-1" />
<link rel="canonical" href="https://www.properfees.com/fr/property/villa-individuelle/" />
<meta property="og:locale" content="fr_FR" />
<meta property="og:type" content="article" />
<meta property="og:title" content="Villa individuelle - Properfees" />
<meta property="og:description" content="Properfees est ravi de vous présenter cette villa individuelle d&#039;environ 300 m² habitables.  Au rez-de-chaussée, la villa offre un grand espace de vie avec deux cheminées, une véranda, une cuisine entièrement équipée, une bibliothèque, une chambre et des toilettes visiteurs.  Au premier étage une chambre principale avec salle de bains et dressing en suite ainsi qu&#039;une deuxième chambre avec salle de douche complète.  Le sous-sol comprend deux entrées séparées donnant accès à un studio, une salle de cinéma, deux chambres à coucher, un bureau, une salle de bains complète, abri et local technique.  Le terrain de 1&#039;003 m2 dispose d&#039;une piscine et d&#039;une espace barbecue, un garage double et des places de parking extérieures pour 4 voitures.  En sus du loyer:  Contrat avec l&#039;entreprise désignée pour l&#039;entretien piscine et du jardin ainsi que la société de sécurité." />
<meta property="og:url" content="https://www.properfees.com/fr/property/villa-individuelle/" />
<meta property="og:site_name" content="Properfees" />
<meta property="og:image" content="https://www.properfees.com/wp-content/uploads/2022/07/52527199761c198de6b2e89.37340533_53e1b27671_1920.jpg" />
	<meta property="og:image:width" content="1920" />
	<meta property="og:image:height" content="1081" />
	<meta property="og:image:type" content="image/jpeg" />
<meta name="twitter:card" content="summary_large_image" />
<script type="application/ld+json" class="yoast-schema-graph">{"@context":"https:\/\/schema.org","@graph":[{"@type":"WebPage","@id":"https:\/\/www.properfees.com\/fr\/property\/villa-individuelle\/","url":"https:\/\/www.properfees.com\/fr\/property\/villa-individuelle\/","name":"Villa individuelle - Properfees","isPartOf":{"@id":"https:\/\/www.properfees.com\/fr\/#website"},"primaryImageOfPage":{"@id":"https:\/\/www.properfees.com\/fr\/property\/villa-individuelle\/#primaryimage"},"image":{"@id":"https:\/\/www.properfees.com\/fr\/property\/villa-individuelle\/#primaryimage"},"thumbnailUrl":"https:\/\/www.properfees.com\/wp-content\/uploads\/2022\/07\/52527199761c198de6b2e89.37340533_53e1b27671_1920.jpg","datePublished":"2022-07-09T07:28:44+00:00","breadcrumb":{"@id":"https:\/\/www.properfees.com\/fr\/property\/villa-individuelle\/#breadcrumb"},"inLanguage":"fr-FR","potentialAction":[{"@type":"ReadAction","target":["https:\/\/www.properfees.com\/fr\/property\/villa-individuelle\/"]}]},{"@type":"ImageObject","inLanguage":"fr-FR","@id":"https:\/\/www.properfees.com\/fr\/property\/villa-individuelle\/#primaryimage","url":"https:\/\/www.properfees.com\/wp-content\/uploads\/2022\/07\/52527199761c198de6b2e89.37340533_53e1b27671_1920.jpg","contentUrl":"https:\/\/www.properfees.com\/wp-content\/uploads\/2022\/07\/52527199761c198de6b2e89.37340533_53e1b27671_1920.jpg","width":1920,"height":1081},{"@type":"BreadcrumbList","@id":"https:\/\/www.properfees.com\/fr\/property\/villa-individuelle\/#breadcrumb","itemListElement":[{"@type":"ListItem","position":1,"name":"Home","item":"https:\/\/www.properfees.com\/fr\/"},{"@type":"ListItem","position":2,"name":"Propriétés","item":"https:\/\/www.properfees.com\/fr\/proprietes\/"},{"@type":"ListItem","position":3,"name":"Villa individuelle"}]},{"@type":"WebSite","@id":"https:\/\/www.properfees.com\/fr\/#website","url":"https:\/\/www.properfees.com\/fr\/","name":"Properfees","description":"Properties at proper fees","potentialAction":[{"@type":"SearchAction","target":{"@type":"EntryPoint","urlTemplate":"https:\/\/www.properfees.com\/fr\/?s={search_term_string}"},"query-input":{"@type":"PropertyValueSpecification","valueRequired":true,"valueName":"search_term_string"}}],"inLanguage":"fr-FR"}]}</script>
<!-- / Yoast SEO plugin. -->

Properfees est ravi de vous présenter cette villa individuelle d'environ 300 m² habitables.  Au rez-de-chaussée, la villa offre un grand espace de vie avec deux cheminées, une véranda, une cuisine entièrement équipée, une bibliothèque, une chambre et des toilettes visiteurs.  Au premier étage une chambre principale avec salle de bains et dressing en suite ainsi qu'une deuxième chambre avec salle de douche complète.  Le sous-sol comprend deux entrées séparées donnant accès à un studio, une salle de cinéma, deux chambres à coucher, un bureau, une salle de bains complète, abri et local technique.  Le terrain de 1'003 m2 dispose d'une piscine et d'une espace barbecue, un garage double et des places de parking extérieures pour 4 voitures.  En sus du loyer:  Contrat avec l'entreprise désignée pour l'entretien piscine et du jardin ainsi que la société de sécurité.

Propriétés
